se 15, what is -29 + -e5?
-11e
In base 6, what is -30 - 20?
-50
In base 16, what is -9 - 4?
-d
In base 11, what is 0 - 910?
-910
In base 5, what is -20 + -32?
-102
In base 7, what is -206 - 1?
-210
In base 14, what is 2 + 4a2?
4a4
In base 4, what is -11332 + 10?
-11322
In base 10, what is 441 - 2?
439
In base 7, what is 13433 + 2?
13435
In base 6, what is -5144 - -1?
-5143
In base 10, what is 5 + -136?
-131
In base 15, what is 2d - -25?
53
In base 6, what is 45 - -303?
352
In base 6, what is 13044 - 2?
13042
In base 6, what is 1 + 305?
310
In base 10, what is -5 - 491?
-496
In base 14, what is 151 + -b?
144
In base 2, what is -11101 + 1000?
-10101
In base 14, what is -452 + 0?
-452
In base 3, what is -2210 - 10?
-2220
In base 8, what is 31 - 60?
-27
In base 6, what is -32 - 2?
-34
In base 2, what is 1001 - -100111?
110000
In base 7, what is 12 - 42?
-30
In base 16, what is -3f + -3?
-42
In base 4, what is -11 + 121131?
121120
In base 2, what is 1 - -1011101011?
1011101100
In base 7, what is -1402 - -1?
-1401
In base 10, what is 338 + -2?
336
In base 12, what is 5 - 112?
-109
In base 13, what is 8 + 33?
3b
In base 14, what is -2118 - -2?
-2116
In base 3, what is -2 - 11112022?
-11112101
In base 15, what is -3 - -1e9?
1e6
In base 3, what is 2 + 1212112?
1212121
In base 13, what is 2 - 1b?
-19
In base 5, what is 4 + -141122?
-141113
In base 3, what is -10 + -200120?
-200200
In base 16, what is 2 - 28c?
-28a
In base 5, what is 12 - 12313?
-12301
In base 4, what is 20212 - -10?
20222
In base 13, what is -5 + -21?
-26
In base 9, what is 3 - -2?
5
In base 15, what is -2d - 5?
-33
In base 2, what is 101 - -1110011?
1111000
In base 4, what is 3 - 102011?
-102002
In base 7, what is 562 - 0?
562
In base 13, what is 3 - cc?
-c9
In base 4, what is 3 + 103303?
103312
In base 5, what is -23 - -33?
10
In base 12, what is 6804 - 4?
6800
In base 6, what is -5 - -30?
21
In base 15, what is 5 + -31?
-2b
In base 10, what is 109 - 3?
106
In base 7, what is -40 + 1644?
1604
In base 14, what is -d2 - -2?
-d0
In base 6, what is 2 + -35?
-33
In base 5, what is -4 - 30440?
-30444
In base 14, what is -418 + 7?
-411
In base 12, what is -2 + ab?
a9
In base 7, what is 2 + -36?
-34
In base 4, what is -1003 - 23?
-1032
In base 9, what is -254 + 41?
-213
In base 16, what is b - 2f?
-24
In base 15, what is 20 + b?
2b
In base 11, what is 2 + 1346?
1348
In base 10, what is -9 - -3328?
3319
In base 11, what is 3 - -329?
331
In base 16, what is 79db + 1?
79dc
In base 8, what is -23 - 100?
-123
In base 15, what is 5 + b?
11
In base 9, what is -10536 + -1?
-10537
In base 12, what is -85 - -1?
-84
In base 16, what is -5 - 14?
-19
In base 8, what is 6 + 114?
122
In base 7, what is -4 - -613?
606
In base 3, what is -1 - 10010?
-10011
In base 4, what is -1012023 + 0?
-1012023
In base 9, what is -5 - 13?
-18
In base 9, what is -23457 - 3?
-23461
In base 8, what is 34 - 40?
-4
In base 2, what is 100 + -110110?
-110010
In base 11, what is 9 + -11?
-3
In base 9, what is -3836 + -1?
-3837
In base 16, what is 16 + -1?
15
In base 16, what is 45 - -42?
87
In base 4, what is -10133 + 2?
-10131
In base 12, what is -1 + -83?
-84
In base 15, what is a99 + 3?
a9c
In base 8, what is 4 - -5205?
5211
In base 4, what is -1321 - -3?
-1312
In base 2, what is -100011001 - -1?
-100011000
In base 7, what is -211 + 15?
-163
In base 10, what is 34 + -36?
-2
In base 4, what is 11323 - -11?
12000
In base 12, what is -5 + -136?
-13b
In base 2, what is -1101101 + -1000?
-1110101
In base 14, what is -118 - 5?
-11d
In base 16, what is 2 - -43?
45
In base 9, what is 4 + 4?
8
In base 8, what is -667 + -1?
-670
In base 13, what is 4 + 68?
6c
In base 7, what is 166 + -446?
-250
In base 13, what is -5 - -18?
13
In base 10, what is -58 - 6?
-64
In base 12, what is 1a1 + 1?
1a2
In base 16, what is 1 + 2c?
2d
In base 2, what is 101 - -100000011?
100001000
In base 7, what is -5 + 120?
112
In base 16, what is -3 + -2707?
-270a
In base 5, what is -1 - -1213?
1212
In base 7, what is 33 + 11?
44
In base 8, what is 44 + 161?
225
In base 10, what is -1 + 3660?
3659
In base 16, what is -b - -98?
8d
In base 5, what is -423203 + 10?
-423143
In base 13, what is 154 + 22?
176
In base 3, what is 11 - 12222022?
-12222011
In base 8, what is 5 + -1502?
-1475
In base 9, what is -67 - 6?
-74
In base 16, what is 384 - -5?
389
In base 9, what is 15 - -1041?
1056
In base 15, what is 1 + 76?
77
In base 12, what is b - 170?
-161
In base 6, what is -3043 - -1?
-3042
In base 8, what is 646 + -6?
640
In base 14, what is -5 - 125?
-12a
In base 16, what is 10 + 2?
12
In base 15, what is -2 + -1b?
-1d
In base 5, what is 0 - -4002?
4002
In base 16, what is -7f7 + -4?
-7fb
In base 4, what is 1022322 + -10?
1022312
In base 4, what is -32200 + 12?
-32122
In base 9, what is -207 - -4?
-203
In base 6, what is 3 - -2454?
2501
In base 8, what is -4311 + 3?
-4306
In base 14, what is -38 + b1?
77
In base 7, what is -4 + 153?
146
In base 16, what is -143 + -4?
-147
In base 13, what is 134 + 18?
14c
In base 16, what is -4 + 41?
3d
In base 4, what is -2 + -13001?
-13003
In base 4, what is 31 + -3?
22
In base 13, what is -24 + 553?
52c
In base 9, what is 2 + 56?
58
In base 8, what is -1 - -2352?
2351
In base 3, what is -211201 - -21?
-211110
In base 14, what is 2 - -2ac4?
2ac6
In base 16, what is -162 + 0?
-162
In base 16, what is 8 + 413?
41b
In base 15, what is -5b + -29?
-85
In base 5, what is 22 - 30?
-3
In base 9, what is 15 + 4?
20
In base 12, what is 0 - -62?
62
In base 2, what is 1010 + 10011100101?
10011101111
In base 8, what is -12 - 3?
-15
In base 4, what is 2 - 12101?
-12033
In base 4, what is -10 + -212231?
-212301
In base 15, what is -2 + -2a3?
-2a5
In base 13, what is 7 + 56?
60
In base 13, what is -15 - -64?
4c
In base 3, what is 1101101 + -1?
1101100
In base 3, what is 202020 - 102?
201211
In base 12, what is 0 - -57?
57
In base 9, what is -4 + 323?
318
In base 2, what is -100001100 - -101?
-100000111
In base 8, what is -17 + -20?
-37
In base 11, what is 5 + 914?
919
In base 2, what is -10101110111 + -10?
-10101111001
In base 15, what is 2b5 + 0?
2b5
In base 2, what is 11110 + -1010100001?
-1010000011
In base 16, what is -859 + 2?
-857
In base 6, what is 5024 + -1?
5023
In base 15, what is 232 - -6?
238
In base 3, what is -10 + 221102?
221022
In base 11, what is 3 - -1980?
1983
In base 3, what is 10 - 11101?
-11021
In base 8, what is 132 + -166?
-34
In base 3, what is -100202 + -20?
-100222
In base 7, what is 201 + -26?
142
In base 13, what is 2 - -a4?
a6
In base 9, what is 157 - -48?
216
In base 13, what is 4 + -19b6?
-19b2
In base 3, what is 0 - 110220?
-110220
In base 13, what is -5 - 1b?
-23
In base 10, what is 4 - 2276?
-2272
In base 7, what is 43 + -150?
-104
In base 16, what is -2 + 36a?
368
In base 14, what is -3 + 18?
15
In base 7, what is -1 - -633?
632
In base 12, what is -9 - 1?
-a
In base 15, what is 71c - -3?
720
In base 8, what is 433 + -5?
426
In base 2, what is -100011100 + 110?
-100010110
In base 16, what is -27 + -28?
-4f
In base 4, what is 112 + -302?
-130
In base 14, what is 2ad - -2?
2b1
In base 12, what is -104 + 13?
-b1
In base 10, what is 191 + 5?
196
In base 16, what is -43 + -73?
-b6
In base 6, what is -5135 + 3?
-5132
In base 11, what is 5 + 65?
6a
In base 3, what is -1 - -2111?
2110
In base 10, what is 38 - -53?
91
In base 12, what is 6073 - -3?
6076
In base 11, what is 39 - 10?
29
In base 4, what is 10133 + -2?
10131
In base 12, what is -4454 + 5?
-444b
In base 10, what is -23 + 41?
18
In base 12, what is -3 - -31?
2a
In base 13, what is 25a + 3?
260
In base 16, what is 6dd - -5?
6e2
In base 9, what is 1 + 274?
275
In base 16, what is 12 - -a?
1c
In base 4, what is 1 - 1031?
-1030
In base 7, what is 2 - 65?
-63
In base 13, what is -1b - -2?
-19
In base 13, what is 4 - -20?
24
In base 6, what is -522 - 1?
-523
In base 3, what is -12 - 2212?
-10001
In base 2, what is -1 + 100011101?
100011100
In base 16, what is d + 9?
16
In base 8, what is -214 - 3?
-217
In base 7, what is 420 + 0?
420
In base 7, what is -545 + 2?
-543
In base 13, what is 9 + 6?
12
In base 5, what is -1 + 144?
143
In base 8, what is -5 - 107?
-114
In base 7, what is -15012 + 0?
-15012
In base 8, what is 12 - -20?
32
In base 5, what is 144 - 2?
142
In